(-6) + 2*102. Suppose 10*y - o = 814. What is the units digit of y?
2
Let t be ((-108)/135)/((-1)/895). Let y = t - 19. What is the units digit of y?
7
Let z be 78 + 4/(-6)*-3. Let j be 10/45 + 128/72 - -32. Let b = z - j. What is the tens digit of b?
4
Let f be -1 + (-5)/(-6) - 190/(-60). What is the hundreds digit of -363*f/(-9)*1?
1
Let n = 1893 + 1040. What is the tens digit of n?
3
Let q(d) = 2*d**3 + 10*d**2 + 4*d - 28. Let i be q(-8). Let m = 1080 + i. What is the units digit of m?
6
Let l = -96402 - -141546. What is the units digit of l?
4
Let y = -41 + -130. Let x = 73 - y. What is the units digit of x?
4
Let n be (1 + -3)*(-2)/2. Let g be (-1 - -649) + (-13 - -5). Suppose -5*v = 4*s - 545, n*s + g = 7*s - 2*v. What is the units digit of s?
0
Let z(v) = 2*v**2 - 10*v - 7. Let h be z(6). Let d(a) = -29*a + 2. Let p(b) = -29*b + 1. Let s(m) = h*d(m) - 6*p(m). What is the tens digit of s(2)?
6
Suppose 0 = 26*x - 699046 - 81448. What is the ten thousands digit of x?
3
Suppose -10*m + 7*m - 821 = -2*w, 2*m - 2 = 0. What is the units digit of w?
2
Let r = -254 - -264. Suppose r*d = 2672 - 162. What is the tens digit of d?
5
Suppose 4*d + 5*c - 13 = 4*c, 29 = 2*d + 5*c. What is the hundreds digit of 333/d - (-2)/(-4)?
1
Let q be 3*(-836)/(-6) + -1. Suppose 57 = 3*l + q. What is the units digit of ((-4)/(-5))/((-4)/l*3)?
8
Suppose 5*r = 5, 9*b - 13*b - 5*r = -14581. What is the hundreds digit of b?
6
Suppose 59*j + 218151 = 63*j - b, -3*j = -5*b - 163592. What is the thousands digit of j?
4
Let c = 8823 + -4029. What is the tens digit of c?
9
Suppose 0 = -2*v + z + 3*z + 28, 20 = 4*z. Suppose 4*h + 4 = v. Suppose -52 = -p - h*k + 52, k = 3*p - 248. What is the tens digit of p?
8
Let u = -1217 - -8704. What is the units digit of u?
7
What is the ten thousands digit of 11/((-44)/(-290024)) - -7?
7
Suppose -h - 982380 = -43*h. What is the hundreds digit of h?
3
Let b = 548 + 7263. What is the units digit of b?
1
Suppose 22*u = 18*u + 49252. Suppose 979*s - u = 972*s. What is the hundreds digit of s?
7
Suppose 0 = -h - 5*y + 6683, 266*h + 6686 = 267*h + 4*y. What is the hundreds digit of h?
6
Let p be -2 + 4 + -2 + 3. Let h(j) = -6*j**2 - 3. Let d be h(p). Let r = 88 - d. What is the units digit of r?
5
Let m = -2 - -17. Suppose 2*s - 176 = 4*y, -3*y = m - 6. What is the units digit of s?
2
Let i(o) = -3*o**2 + 21*o + 5. Let z be i(7). Suppose -2 = -2*u, -z*a + 4*u = -0*u + 14. What is the hundreds digit of (-33)/a*32/3?
1
Let a(p) = p**3 + 3*p**2 - p - 4. Let u be a(-2). Suppose u*l + 3*b = 629, -5*l + 3*l + 4*b + 594 = 0. What is the units digit of l?
7
What is the units digit of (-143507)/(-2) - 437/(-874)?
4
Let c be 33/55 + (3 - 30388/(-20)). Let r = c + -596. What is the units digit of r?
7
Let q = -6060 - -21516. What is the tens digit of q?
5
Let j(a) = 6*a + 31. Let k be j(-5). Let w = k - -50. What is the tens digit of w?
5
Let i = -31 - -23. Let w(n) = -n - 5. Let o be w(i). Suppose o*t = -4*u + 47, -2*t - 6*u = -2*u - 38. What is the units digit of t?
9
Let s(u) = 160*u**2 + 12*u - 46. What is the thousands digit of s(5)?
4
Suppose -5*m + 230 = -5*b, 0*b - b + 4*m = 46. Let t = 191 + b. What is the hundreds digit of t?
1
Suppose 3*z + 2*n = 7*n + 153, 3*z = -3*n + 129. Let y = 51 - z. Suppose 2*d = 4*a + 38, -y*d + 7*a = 3*a - 119. What is the tens digit of d?
2
Let q = 125285 - 66524. What is the thousands digit of q?
8
Let v be (-35)/(-3) + 1 - (-18)/54. Let t be v + -16 + (5 - 0). Suppose -83 = -3*k + t*k. What is the units digit of k?
3
Suppose 3*a - 251 = -q, 5*q - 905 = 2*a + 418. Let p = q + 48. What is the hundreds digit of p?
3
Suppose 0 = 9825*a - 9822*a - 135525. What is the units digit of a?
5
Let x(o) = o**2 - 4*o + 6. Let m be x(7). Suppose -3*i + 47 = 2*r + 3*r, -5*i + m = r. Let d(y) = -y**3 + 6*y**2 + 8*y - 5. What is the units digit of d(r)?
2
Suppose 8*y = 2*f + 6*y - 50674, -6 = y. What is the tens digit of f?
3
Let w(o) = -6*o + 40. Suppose 4 = 7*n - 17. Suppose 0 = -m + 2*m + 4*s + 10, -4*m - 79 = n*s. What is the hundreds digit of w(m)?
1
What is the units digit of (-2 - (-915)/10)*-39*(-4)/6?
7
Suppose 4*f = -8*f - 60. Let v(t) = -3*t + 3*t - 6*t - t + 5*t**2 + 17. What is the tens digit of v(f)?
7
What is the tens digit of ((-88)/(-396) - 8504626/(-306)) + (-16)/136?
9
Let a be (4473/27)/((-8)/24). Let k = 729 - a. What is the thousands digit of k?
1
Suppose -165*u + 45*u + 831480 = 0. What is the units digit of u?
9
Let q(i) = -127*i**3 + 9*i**2 + 30*i - 28. What is the thousands digit of q(-4)?
8
What is the ten thousands digit of 716426/64*4 - ((-351)/(-104))/(-9)?
4
Let c(v) = 3*v - 1. Let r(t) = 27*t + 63. Let a(j) = -36*c(j) - r(j). What is the hundreds digit of a(-4)?
5
Suppose 0 = 412*q - 413506 - 1001302. What is the units digit of q?
4
Let u = 27042 - 15114. What is the thousands digit of u?
1
Suppose 10*y - 2481 = 2389. Let o = 887 - y. What is the units digit of o?
0
Let b be (2 + 1)*(-5 - -7). Let i(p) = 3*p**3 - 7*p**2 + 19*p - 7. What is the tens digit of i(b)?
0
What is the ten thousands digit of 1380351/((-546)/(-26)) - -11?
6
Let y(n) = n**3 + 5*n + 13. Let t be y(0). Suppose -x + 505 = 4*g, 2*x + t*g = 12*g + 1045. What is the units digit of x?
5
Suppose 0 = -2*v, 29059 = 2*f - v - 47339. What is the units digit of f?
9
Let c(b) = 270*b**2 + 45*b + 119. What is the tens digit of c(-7)?
3
Let h = -166 - -162. What is the units digit of 4 + h + 295 - 3?
2
Let u = -446 + 4719. What is the tens digit of u?
7
Let p = 240 - 239. What is the hundreds digit of ((-3)/p + 435 - 2) + -5?
4
Suppose 9*m + 2*c = 12*m - 32475, 21*c = 126. What is the thousands digit of m?
0
Let d(g) = 2*g**3 - 33*g + 58*g**2 - 28*g**2 - 10 + 25*g**2. What is the hundreds digit of d(-28)?
1
Suppose 0 = -0*x + x + 5*j - 34, 0 = 3*x - 2*j - 17. Suppose -h + 2460 = x*h. What is the units digit of h?
6
Let j be 4*(1595/(-20))/11. Let k(c) = -21*c + 63. What is the units digit of k(j)?
2
Let f = 28272 - 13110. What is the units digit of f?
2
Let v(z) = 9*z**2 + 227*z - 26. What is the thousands digit of v(42)?
5
Suppose 57*m + 722563 = 1876471. What is the hundreds digit of m?
2
Let u(l) = -35*l**3 + 2*l**2 + 2*l. Suppose 4*c - 3 = -3*d - 7, -3*c - d = 3. Let j be u(c). What is the tens digit of (-441)/(-5) + (-7)/j?
8
What is the hundreds digit of ((-106)/6)/((-259215)/32400 - -8)?
1
Suppose 3*x = -4*c + 18, -2*c = 4*x - 27 + 13. Suppose -2*y - 4*p + 664 = 0, 3*y - 2*y - x*p - 324 = 0. What is the units digit of y?
8
Let h(l) = -l**3 - l**2 - l - 1. Let f be h(-2). Let q be 16/3*(-282)/(-376). Suppose f*u - 4*i - 224 = -26, -3*u = -q*i - 122. What is the tens digit of u?
3
Suppose 649*k - 50778 = 631*k. What is the hundreds digit of k?
8
Let y be (-61 - -59)*(-2)/4*2. Suppose 33 = y*a + 4*l - 201, 4*a - l = 468. What is the units digit of a?
7
Let q = 16 + 25. Suppose 5*j - a = q, 2*a + 35 = 5*j + 7*a. Suppose 361 = j*v - 103. What is the units digit of v?
8
Suppose 2*z - 426 = 458. What is the hundreds digit of z?
4
Suppose 44*q + 759594 = 78*q. What is the units digit of q?
1
Suppose -7*v + 2*v = -45. Suppose -14*u + 115 = -v*u. Suppose 2*c + 3*m - 124 = -u, c - m = 63. What is the tens digit of c?
5
Let b(z) = -1152*z + 62657. What is the tens digit of b(0)?
5
Let h(d) = -74*d + 6*d**2 - 5*d**2 + 74*d + 1. Let y be h(-3). What is the units digit of -2 - ((-75)/y + (-2)/(-4))?
5
Let h be (2 + (0 - 3/9))*6. Suppose 0 = 5*k - 4*w - 7, 5*w - 26 + h = -2*k. Suppose -2*y + 134 = -y + k*m, 5*m = 0. What is the hundreds digit of y?
1
Let s(u) = 865*u - 7402. What is the hundreds digit of s(12)?
9
Suppose 6*s - 3230 = s + 5*x, 2*s - 1291 = 3*x. Let i = s - 124. What is the tens digit of i?
2
Let i(k) = -13*k + 8. Suppose 16 = 5*u - 19. Let m be 1/((u + -2)/(-20)). What is the units digit of i(m)?
0
Let a = 12 - 6. Suppose -7*f + 34 - a = 0. Suppose 383 = 2*z + 3*w, 0*w = f*z - 3*w - 721. What is the hundreds digit of z?
1
Let f(d) = d**3 + 55*d**2 - 47*d + 554. What is the hundreds digit of f(-24)?
5
Let i = -30 + 32. Suppose i*l - 3*u - 1559 = 0, 0 = -5*l + 4*u - 2*u + 3925. What is the units digit of l?
7
Suppose 3*m = -6, -3*x - x + 40 = -2*m. Let s(o) = -4*o**2 + 5 + 10 - 6*o**2 + 13*o**2 - 15*o. What is the hundreds digit o